t of 745330001?
7
What is the tens digit of 63220419?
1
What is the tens digit of 614353336?
3
What is the hundred thousands digit of 1540400787?
4
What is the tens digit of 639033007?
0
What is the ten millions digit of 1421951988?
2
What is the ten thousands digit of 165013082?
1
What is the ten millions digit of 7781907019?
8
What is the hundreds digit of 227598698?
6
What is the ten thousands digit of 256744215?
4
What is the millions digit of 7469296999?
9
What is the hundred millions digit of 5610196994?
6
What is the thousands digit of 19246804?
6
What is the ten thousands digit of 586849408?
4
What is the units digit of 8508257?
7
What is the tens digit of 29448793?
9
What is the units digit of 4594238379?
9
What is the ten thousands digit of 2352933874?
3
What is the hundred thousands digit of 76889970?
8
What is the hundred millions digit of 936275502?
9
What is the ten thousands digit of 2442126017?
2
What is the hundred thousands digit of 170814304?
8
What is the millions digit of 155001378?
5
What is the hundred millions digit of 412985184?
4
What is the units digit of 104098715?
5
What is the ten thousands digit of 552105509?
0
What is the units digit of 55259190?
0
What is the units digit of 285881939?
9
What is the hundreds digit of 1149360259?
2
What is the hundreds digit of 253829434?
4
What is the units digit of 134853072?
2
What is the units digit of 2758269818?
8
What is the ten thousands digit of 57747091?
4
What is the units digit of 41360660?
0
What is the thousands digit of 52335689?
5
What is the tens digit of 1859255775?
7
What is the thousands digit of 348285585?
5
What is the units digit of 61405203?
3
What is the hundred millions digit of 1350460982?
3
What is the millions digit of 123873196?
3
What is the thousands digit of 62043326?
3
What is the hundreds digit of 634747296?
2
What is the thousands digit of 160285444?
5
What is the hundred millions digit of 188819457?
1
What is the hundred millions digit of 665767646?
6
What is the units digit of 56932954?
4
What is the hundreds digit of 912354361?
3
What is the millions digit of 5127234087?
7
What is the hundred thousands digit of 36462623?
4
What is the thousands digit of 51706515?
6
What is the millions digit of 72454644?
2
What is the millions digit of 1430445232?
0
What is the ten millions digit of 4511244232?
1
What is the units digit of 72188967?
7
What is the ten thousands digit of 51524971?
2
What is the hundred thousands digit of 3304518924?
5
What is the units digit of 88642464?
4
What is the hundred thousands digit of 199332798?
3
What is the hundred thousands digit of 129708689?
7
What is the millions digit of 316404438?
6
What is the ten thousands digit of 183908500?
0
What is the thousands digit of 201287325?
7
What is the tens digit of 1416792?
9
What is the thousands digit of 3410452368?
2
What is the hundreds digit of 3874105964?
9
What is the billions digit of 2973620669?
2
What is the units digit of 474738141?
1
What is the billions digit of 1662445352?
1
What is the units digit of 182274279?
9
What is the ten thousands digit of 470422218?
2
What is the hundred thousands digit of 3612363403?
3
What is the hundreds digit of 996280935?
9
What is the millions digit of 1088709316?
8
What is the ten thousands digit of 352451411?
5
What is the thousands digit of 402475261?
5
What is the ten thousands digit of 124800958?
0
What is the hundred thousands digit of 58431676?
4
What is the units digit of 346447928?
8
What is the millions digit of 311888215?
1
What is the ten thousands digit of 20385442?
8
What is the ten millions digit of 1169174641?
6
What is the ten millions digit of 4768949213?
6
What is the units digit of 77832939?
9
What is the units digit of 158533280?
0
What is the tens digit of 1905228850?
5
What is the hundred millions digit of 181195294?
1
What is the millions digit of 118505894?
8
What is the ten thousands digit of 680811294?
1
What is the thousands digit of 40471815?
1
What is the ten millions digit of 259968766?
5
What is the hundreds digit of 885208888?
8
What is the hundreds digit of 3357812931?
9
What is the thousands digit of 34255603?
5
What is the tens digit of 184459419?
1
What is the units digit of 75274197?
7
What is the millions digit of 40765815?
0
What is the hundred millions digit of 164654972?
1
What is the units digit of 174877934?
4
What is the hundred thousands digit of 49524259?
5
What is the ten thousands digit of 772441628?
4
What is the hundred thousands digit of 2485156509?
1
What is the hundred millions digit of 905894271?
9
What is the thousands digit of 1159706618?
6
What is the hundred thousands digit of 660966131?
9
What is the thousands digit of 30686428?
6
What is the tens digit of 24325176?
7
What is the units digit of 404418925?
5
What is the millions digit of 34010542?
4
What is the tens digit of 528073556?
5
What is the ten millions digit of 113110626?
1
What is the tens digit of 1668036717?
1
What is the thousands digit of 4857695584?
5
What is the ten thousands digit of 757867693?
6
What is the hundred thousands digit of 1392609391?
6
What is the thousands digit of 109809263?
9
What is the hundred millions digit of 1637898963?
6
What is the thousands digit of 620429808?
9
What is the millions digit of 133972910?
3
What is the thousands digit of 159589266?
9
What is the hundreds digit of 29772714?
7
What is the tens digit of 380098018?
1
What is the thousands digit of 2218366718?
6
What is the ten thousands digit of 566895141?
9
What is the thousands digit of 601427247?
7
What is the millions digit of 230519725?
0
What is the millions digit of 237322496?
7
What is the thousands digit of 24720527?
0
What is the hundred thousands digit of 4258887669?
8
What is the units digit of 331127746?
6
What is the tens digit of 105960603?
0
What is the tens digit of 14019967?
6
What is the millions digit of 44324064?
4
What is the hundred thousands digit of 4816823442?
8
What is the hundred millions digit of 156983782?
1
What is the millions digit of 4708474929?
8
What is the tens digit of 308314534?
3
What is the ten thousands digit of 48845160?
4
What is the ten thousands digit of 1816446305?
4
What is the units digit of 71306932?
2
What is the tens digit of 657262773?
7
What is the ten thousands digit of 8460176692?
7
What is the billions digit of 1210675392?
1
What is the ten thousands digit of 273130626?
3
What is the hundreds digit of 5603543381?
3
What is the thousands digit of 22151301?
1
What is the tens digit of 129475277?
7
What is the hundred millions digit of 588031389?
5
What is the ten thousands digit of 33294391?
9
What is the ten millions digit of 198482110?
9
What is the ten thousands digit of 41990045?
9
What is the thousands digit of 95713379?
3
What is the hundred thousands digit of 107727037?
7
What is the hundreds digit of 64387852?
8
What is the thousands digit of 12260725?
0
What is the thousands digit of 2752289290?
9
What is the units digit of 458771790?
0
What is the hundreds digit of 573351727?
7
What is the ten millions digit of 290700119?
9
What is the hundreds digit of 5212432427?
4
What is the hundred thousands digit of 567073492?
0
What is the tens digit of 15236424?
2
What is the ten millions digit of 272977404?
7
What is the units digit of 64291315?
5
What is the ten millions digit of 35353868?
3
What is the ten millions digit of 351875281?
5
What is the ten millions digit of 7133085423?
3
What is the ten millions digit of 5079428543?
7
What is the hundred thousands digit of 819146483?
1
What is the hundred thousands digit of 126771807?
7
What is the tens digit of 3645115889?
8
What is the thousands digit of 4739914064?
4
What is the units digit of 281174456?
6
What is the units digit of 6348851765?
5
What is the units digit of 846124755?
5
What is the billions digit of 2299119812?
2
What is the millions digit of 2543397?
2
What is the thousands digit of 29935919?
5
What is the hundreds digit of 1694967788?
7
What is the tens digit of 167677582?
8
What is the hundred thousands digit of 566100007?
1
What is the ten thousands digit of 849263898?
6
What is the tens digit of 179763006?
0
What is the thousands digit of 2790685?
0
What is the hundred millions digit of 7